{"id":64,"date":"2023-12-09T14:36:39","date_gmt":"2023-12-09T17:36:39","guid":{"rendered":"https:\/\/genscentroterapeutico.com\/?page_id=64"},"modified":"2024-04-06T10:47:32","modified_gmt":"2024-04-06T13:47:32","slug":"tratamientos","status":"publish","type":"page","link":"https:\/\/genscentroterapeutico.com\/index.php\/tratamientos\/","title":{"rendered":"Tratamientos"},"content":{"rendered":"\t\t<div data-elementor-type=\"wp-page\" data-elementor-id=\"64\" class=\"elementor elementor-64\" data-elementor-post-type=\"page\">\n\t\t\t\t<div class=\"elementor-element elementor-element-e2c2865 e-flex e-con-boxed e-con e-parent\" data-id=\"e2c2865\" data-element_type=\"container\" data-settings=\"{&quot;background_background&quot;:&quot;classic&quot;}\">\n\t\t\t\t\t<div class=\"e-con-inner\">\n\t\t\t\t<div class=\"elementor-element elementor-element-f53c2c3 elementor-widget elementor-widget-heading\" data-id=\"f53c2c3\" data-element_type=\"widget\" data-widget_type=\"heading.default\">\n\t\t\t\t<div class=\"elementor-widget-container\">\n\t\t\t\t\t<h1 class=\"elementor-heading-title elementor-size-default\">Tratamientos<\/h1>\t\t\t\t<\/div>\n\t\t\t\t<\/div>\n\t\t\t\t\t<\/div>\n\t\t\t\t<\/div>\n\t\t<div class=\"elementor-element elementor-element-cf6985a e-flex e-con-boxed e-con e-parent\" data-id=\"cf6985a\" data-element_type=\"container\">\n\t\t\t\t\t<div class=\"e-con-inner\">\n\t\t\t\t<div class=\"elementor-element elementor-element-7e79009 elementor-widget elementor-widget-accordion\" data-id=\"7e79009\" data-element_type=\"widget\" data-widget_type=\"accordion.default\">\n\t\t\t\t<div class=\"elementor-widget-container\">\n\t\t\t\t\t\t\t<div class=\"elementor-accordion\">\n\t\t\t\t\t\t\t<div class=\"elementor-accordion-item\">\n\t\t\t\t\t<div id=\"elementor-tab-title-1321\" class=\"elementor-tab-title\" data-tab=\"1\" role=\"button\" aria-controls=\"elementor-tab-content-1321\" aria-expanded=\"false\">\n\t\t\t\t\t\t\t\t\t\t\t\t<a class=\"elementor-accordion-title\" tabindex=\"0\">CONFIDENCIAL - ENTREVISTAS DE EVALUACION CLINICA Y DIAGNOSTICO<\/a>\n\t\t\t\t\t<\/div>\n\t\t\t\t\t<div id=\"elementor-tab-content-1321\" class=\"elementor-tab-content elementor-clearfix\" data-tab=\"1\" role=\"region\" aria-labelledby=\"elementor-tab-title-1321\"><p><strong>Comenzamos realizando entrevistas de evaluaci\u00f3n cl\u00ednica y diagn\u00f3stica para comprender necesidades espec\u00edficas de cada paciente. <\/strong><\/p><\/div>\n\t\t\t\t<\/div>\n\t\t\t\t\t\t\t<div class=\"elementor-accordion-item\">\n\t\t\t\t\t<div id=\"elementor-tab-title-1322\" class=\"elementor-tab-title\" data-tab=\"2\" role=\"button\" aria-controls=\"elementor-tab-content-1322\" aria-expanded=\"false\">\n\t\t\t\t\t\t\t\t\t\t\t\t<a class=\"elementor-accordion-title\" tabindex=\"0\">PERSONALIZADO - CONSTRUCCION DE TRATAMIENTO PERSONALIZADO<\/a>\n\t\t\t\t\t<\/div>\n\t\t\t\t\t<div id=\"elementor-tab-content-1322\" class=\"elementor-tab-content elementor-clearfix\" data-tab=\"2\" role=\"region\" aria-labelledby=\"elementor-tab-title-1322\"><p><strong>\u00a0Dise\u00f1amos junto al paciente una trama terap\u00e9utica integral que apunte a una mayor autonom\u00eda y una mejor calidad de vida<\/strong><\/p><\/div>\n\t\t\t\t<\/div>\n\t\t\t\t\t\t\t<div class=\"elementor-accordion-item\">\n\t\t\t\t\t<div id=\"elementor-tab-title-1323\" class=\"elementor-tab-title\" data-tab=\"3\" role=\"button\" aria-controls=\"elementor-tab-content-1323\" aria-expanded=\"false\">\n\t\t\t\t\t\t\t\t\t\t\t\t<a class=\"elementor-accordion-title\" tabindex=\"0\">INTEGRAL  - TALLERES Y ACTIVIDADES DIARIAS<\/a>\n\t\t\t\t\t<\/div>\n\t\t\t\t\t<div id=\"elementor-tab-content-1323\" class=\"elementor-tab-content elementor-clearfix\" data-tab=\"3\" role=\"region\" aria-labelledby=\"elementor-tab-title-1323\"><p><b>Abordaje multidisciplinario: nutricionistas, psic\u00f3logos, m\u00e9dicos, psiquiatras, actividad f\u00edsica supervisada, actividades diarias. <\/b><\/p><\/div>\n\t\t\t\t<\/div>\n\t\t\t\t\t\t\t\t<\/div>\n\t\t\t\t\t\t<\/div>\n\t\t\t\t<\/div>\n\t\t\t\t\t<\/div>\n\t\t\t\t<\/div>\n\t\t<div class=\"elementor-element elementor-element-5cb0157 e-flex e-con-boxed e-con e-parent\" data-id=\"5cb0157\" data-element_type=\"container\">\n\t\t\t\t\t<div class=\"e-con-inner\">\n\t\t\t\t<div class=\"elementor-element elementor-element-e5c66d2 elementor-widget elementor-widget-spacer\" data-id=\"e5c66d2\" data-element_type=\"widget\" data-widget_type=\"spacer.default\">\n\t\t\t\t<div class=\"elementor-widget-container\">\n\t\t\t\t\t\t\t<div class=\"elementor-spacer\">\n\t\t\t<div class=\"elementor-spacer-inner\"><\/div>\n\t\t<\/div>\n\t\t\t\t\t\t<\/div>\n\t\t\t\t<\/div>\n\t\t\t\t<div class=\"elementor-element elementor-element-7732de2 elementor-widget elementor-widget-heading\" data-id=\"7732de2\" data-element_type=\"widget\" data-widget_type=\"heading.default\">\n\t\t\t\t<div class=\"elementor-widget-container\">\n\t\t\t\t\t<h2 class=\"elementor-heading-title elementor-size-default\">Nuestro programa integral incluye:<\/h2>\t\t\t\t<\/div>\n\t\t\t\t<\/div>\n\t\t\t\t\t<\/div>\n\t\t\t\t<\/div>\n\t\t<div class=\"elementor-element elementor-element-7004d1f e-flex e-con-boxed e-con e-parent\" data-id=\"7004d1f\" data-element_type=\"container\">\n\t\t\t\t\t<div class=\"e-con-inner\">\n\t\t<div class=\"elementor-element elementor-element-0cb29b4 e-con-full e-flex e-con e-child\" data-id=\"0cb29b4\" data-element_type=\"container\">\n\t\t\t\t<div class=\"elementor-element elementor-element-8b85eab elementor-widget elementor-widget-text-editor\" data-id=\"8b85eab\" data-element_type=\"widget\" data-widget_type=\"text-editor.default\">\n\t\t\t\t<div class=\"elementor-widget-container\">\n\t\t\t\t\t\t\t\t\t<p>-Entrevistas de evaluaci\u00f3n cl\u00ednica y diagn\u00f3stico<br \/>-Construcci\u00f3n de un tratamiento personalizado.<br \/>-Control y seguimiento farmacol\u00f3gico.<br \/>-Psicoterapia individual.<br \/>-Grupos terap\u00e9uticos.<br \/>-Nutricionista especializado en des\u00f3rdenes alimentarios.<br \/>-Entrevista psiqui\u00e1trica.<br \/>-Psicodiagn\u00f3stico.<br \/>-Grupo de familia.<br \/>-Servicio de orientaci\u00f3n a padres.<br \/>-Taller de psicodrama.<br \/>-Grupo de actividades de la vida diaria.<br \/>-Tutor\u00edas para fin de semana.<br \/>-Grupo de prevenci\u00f3n de reca\u00edda.<br \/>-Acompa\u00f1amiento terap\u00e9utico.<br \/>-Seguimiento personalizado.<br \/>-Meditaci\u00f3n y yoga.<br \/>-Actividad f\u00edsica supervisada.<br \/>-Tratamiento en el consumo problem\u00e1tico de sustancias.<br \/>-Trastornos de la conducta alimentaria.<br \/>-Salud Mental.<\/p>\t\t\t\t\t\t\t\t<\/div>\n\t\t\t\t<\/div>\n\t\t\t\t<\/div>\n\t\t<div class=\"elementor-element elementor-element-ab9419b e-con-full e-flex e-con e-child\" data-id=\"ab9419b\" data-element_type=\"container\">\n\t\t\t\t<div class=\"elementor-element elementor-element-86cccc9 elementor-widget elementor-widget-image\" data-id=\"86cccc9\" data-element_type=\"widget\" data-widget_type=\"image.default\">\n\t\t\t\t<div class=\"elementor-widget-container\">\n\t\t\t\t\t\t\t\t\t\t\t\t\t\t\t<img decoding=\"async\" src=\"https:\/\/genscentroterapeutico.com\/wp-content\/uploads\/2023\/12\/Recurso-5.png\" title=\"Recurso 5\" alt=\"Recurso 5\" loading=\"lazy\" \/>\t\t\t\t\t\t\t\t\t\t\t\t\t\t\t<\/div>\n\t\t\t\t<\/div>\n\t\t\t\t<\/div>\n\t\t\t\t\t<\/div>\n\t\t\t\t<\/div>\n\t\t<div class=\"elementor-element elementor-element-63315e2 e-flex e-con-boxed e-con e-parent\" data-id=\"63315e2\" data-element_type=\"container\" data-settings=\"{&quot;background_background&quot;:&quot;classic&quot;}\">\n\t\t\t\t\t<div class=\"e-con-inner\">\n\t\t\t\t<div class=\"elementor-element elementor-element-5d8a9af elementor-widget elementor-widget-heading\" data-id=\"5d8a9af\" data-element_type=\"widget\" data-widget_type=\"heading.default\">\n\t\t\t\t<div class=\"elementor-widget-container\">\n\t\t\t\t\t<h2 class=\"elementor-heading-title elementor-size-default\">Modalidades<\/h2>\t\t\t\t<\/div>\n\t\t\t\t<\/div>\n\t\t\t\t<div class=\"elementor-element elementor-element-314a27e elementor-widget elementor-widget-text-editor\" data-id=\"314a27e\" data-element_type=\"widget\" data-widget_type=\"text-editor.default\">\n\t\t\t\t<div class=\"elementor-widget-container\">\n\t\t\t\t\t\t\t\t\t<p><b>INTERNACIONES<\/b><\/p><p><b>CONSULTORIO\u00a0<\/b><\/p><p><b>CENTRO DE D\u00cdA\u00a0<\/b><\/p><p><b>TRATAMIENTO AMBULATORIO<\/b><\/p><p><b>(adaptaci\u00f3n a modalidad presencial o virtual y mixtas seg\u00fan cada caso)<\/b><\/p>\t\t\t\t\t\t\t\t<\/div>\n\t\t\t\t<\/div>\n\t\t\t\t\t<\/div>\n\t\t\t\t<\/div>\n\t\t<div class=\"elementor-element elementor-element-f85f5ed e-flex e-con-boxed e-con e-parent\" data-id=\"f85f5ed\" data-element_type=\"container\" data-settings=\"{&quot;background_background&quot;:&quot;classic&quot;}\">\n\t\t\t\t\t<div class=\"e-con-inner\">\n\t\t\t\t<div class=\"elementor-element elementor-element-f366811 elementor-widget elementor-widget-heading\" data-id=\"f366811\" data-element_type=\"widget\" data-widget_type=\"heading.default\">\n\t\t\t\t<div class=\"elementor-widget-container\">\n\t\t\t\t\t<h5 class=\"elementor-heading-title elementor-size-default\">D\u00edas y horarios<\/h5>\t\t\t\t<\/div>\n\t\t\t\t<\/div>\n\t\t\t\t<div class=\"elementor-element elementor-element-2cd856b elementor-widget elementor-widget-text-editor\" data-id=\"2cd856b\" data-element_type=\"widget\" data-widget_type=\"text-editor.default\">\n\t\t\t\t<div class=\"elementor-widget-container\">\n\t\t\t\t\t\t\t\t\t<p>Consultas de lunes a s\u00e1bado de 9 a 17 horas.<\/p>\t\t\t\t\t\t\t\t<\/div>\n\t\t\t\t<\/div>\n\t\t\t\t\t<\/div>\n\t\t\t\t<\/div>\n\t\t\t\t<\/div>\n\t\t","protected":false},"excerpt":{"rendered":"<p>Tratamientos CONFIDENCIAL &#8211; ENTREVISTAS DE EVALUACION CLINICA Y DIAGNOSTICO Comenzamos realizando entrevistas de evaluaci\u00f3n cl\u00ednica y diagn\u00f3stica para comprender necesidades espec\u00edficas de cada paciente. PERSONALIZADO &#8211; CONSTRUCCION DE TRATAMIENTO PERSONALIZADO \u00a0Dise\u00f1amos junto al paciente una trama terap\u00e9utica integral que apunte a una mayor autonom\u00eda y una mejor calidad de vida INTEGRAL &#8211; TALLERES Y ACTIVIDADES [&hellip;]<\/p>\n","protected":false},"author":1,"featured_media":0,"parent":0,"menu_order":0,"comment_status":"closed","ping_status":"closed","template":"","meta":{"_joinchat":[],"footnotes":""},"class_list":["post-64","page","type-page","status-publish","hentry"],"_links":{"self":[{"href":"https:\/\/genscentroterapeutico.com\/index.php\/wp-json\/wp\/v2\/pages\/64","targetHints":{"allow":["GET"]}}],"collection":[{"href":"https:\/\/genscentroterapeutico.com\/index.php\/wp-json\/wp\/v2\/pages"}],"about":[{"href":"https:\/\/genscentroterapeutico.com\/index.php\/wp-json\/wp\/v2\/types\/page"}],"author":[{"embeddable":true,"href":"https:\/\/genscentroterapeutico.com\/index.php\/wp-json\/wp\/v2\/users\/1"}],"replies":[{"embeddable":true,"href":"https:\/\/genscentroterapeutico.com\/index.php\/wp-json\/wp\/v2\/comments?post=64"}],"version-history":[{"count":27,"href":"https:\/\/genscentroterapeutico.com\/index.php\/wp-json\/wp\/v2\/pages\/64\/revisions"}],"predecessor-version":[{"id":316,"href":"https:\/\/genscentroterapeutico.com\/index.php\/wp-json\/wp\/v2\/pages\/64\/revisions\/316"}],"wp:attachment":[{"href":"https:\/\/genscentroterapeutico.com\/index.php\/wp-json\/wp\/v2\/media?parent=64"}],"curies":[{"name":"wp","href":"https:\/\/api.w.org\/{rel}","templated":true}]}}