{"id":243,"date":"2024-03-29T18:31:28","date_gmt":"2024-03-29T21:31:28","guid":{"rendered":"https:\/\/genscentroterapeutico.com\/?page_id=243"},"modified":"2024-12-13T19:15:56","modified_gmt":"2024-12-13T22:15:56","slug":"nutricion","status":"publish","type":"page","link":"https:\/\/genscentroterapeutico.com\/index.php\/nutricion\/","title":{"rendered":"Nutricion"},"content":{"rendered":"\t\t<div data-elementor-type=\"wp-page\" data-elementor-id=\"243\" class=\"elementor elementor-243\" data-elementor-post-type=\"page\">\n\t\t\t\t<div class=\"elementor-element elementor-element-e2c2865 e-flex e-con-boxed e-con e-parent\" data-id=\"e2c2865\" data-element_type=\"container\" data-settings=\"{&quot;background_background&quot;:&quot;classic&quot;}\">\n\t\t\t\t\t<div class=\"e-con-inner\">\n\t\t\t\t<div class=\"elementor-element elementor-element-f53c2c3 elementor-widget elementor-widget-heading\" data-id=\"f53c2c3\" data-element_type=\"widget\" data-widget_type=\"heading.default\">\n\t\t\t\t<div class=\"elementor-widget-container\">\n\t\t\t\t\t<h1 class=\"elementor-heading-title elementor-size-default\">Nutrici\u00f3n<\/h1>\t\t\t\t<\/div>\n\t\t\t\t<\/div>\n\t\t\t\t\t<\/div>\n\t\t\t\t<\/div>\n\t\t<div class=\"elementor-element elementor-element-bfebd27 e-flex e-con-boxed e-con e-parent\" data-id=\"bfebd27\" data-element_type=\"container\">\n\t\t\t\t\t<div class=\"e-con-inner\">\n\t\t\t\t<div class=\"elementor-element elementor-element-bf68d3d elementor-widget elementor-widget-text-editor\" data-id=\"bf68d3d\" data-element_type=\"widget\" data-widget_type=\"text-editor.default\">\n\t\t\t\t<div class=\"elementor-widget-container\">\n\t\t\t\t\t\t\t\t\t<p><span id=\"docs-internal-guid-97238067-7fff-1839-0833-419400a20608\"><span style=\"font-size: 11pt; font-family: Arial, sans-serif; background-color: transparent; font-variant-numeric: normal; font-variant-east-asian: normal; font-variant-alternates: normal; font-variant-position: normal; vertical-align: baseline; white-space-collapse: preserve;\">El Lic. en nutrici\u00f3n Lautaro De Nicola, director de Gens, hace hincapi\u00e9 en lo esencial e importancia de la interacci\u00f3n de la nutrici\u00f3n en relacion en la salud y enfermedad. Es por eso que en Gens, la alimentaci\u00f3n esta pensada desde un lugar de adecuaci\u00f3n al paciente, nutricionalmente completa y que acompa\u00f1e el tratamiento en cuanto a nutrientes esenciales y objetivos espec\u00edficos.<\/span><\/span><\/p>\t\t\t\t\t\t\t\t<\/div>\n\t\t\t\t<\/div>\n\t\t\t\t\t<\/div>\n\t\t\t\t<\/div>\n\t\t<div class=\"elementor-element elementor-element-642af62 e-flex e-con-boxed e-con e-parent\" data-id=\"642af62\" data-element_type=\"container\">\n\t\t\t\t\t<div class=\"e-con-inner\">\n\t\t\t\t<div class=\"elementor-element elementor-element-780c893 elementor-widget elementor-widget-image\" data-id=\"780c893\" data-element_type=\"widget\" data-widget_type=\"image.default\">\n\t\t\t\t<div class=\"elementor-widget-container\">\n\t\t\t\t\t\t\t\t\t\t\t\t\t\t\t<img fetchpriority=\"high\" decoding=\"async\" width=\"800\" height=\"609\" src=\"https:\/\/genscentroterapeutico.com\/wp-content\/uploads\/2024\/03\/lutas_compressed-1_pages-to-jpg-0001-1024x779.jpg\" class=\"attachment-large size-large wp-image-277\" alt=\"\" srcset=\"https:\/\/genscentroterapeutico.com\/wp-content\/uploads\/2024\/03\/lutas_compressed-1_pages-to-jpg-0001-1024x779.jpg 1024w, https:\/\/genscentroterapeutico.com\/wp-content\/uploads\/2024\/03\/lutas_compressed-1_pages-to-jpg-0001-300x228.jpg 300w, https:\/\/genscentroterapeutico.com\/wp-content\/uploads\/2024\/03\/lutas_compressed-1_pages-to-jpg-0001-768x584.jpg 768w, https:\/\/genscentroterapeutico.com\/wp-content\/uploads\/2024\/03\/lutas_compressed-1_pages-to-jpg-0001-1536x1168.jpg 1536w, https:\/\/genscentroterapeutico.com\/wp-content\/uploads\/2024\/03\/lutas_compressed-1_pages-to-jpg-0001-2048x1558.jpg 2048w\" sizes=\"(max-width: 800px) 100vw, 800px\" \/>\t\t\t\t\t\t\t\t\t\t\t\t\t\t\t<\/div>\n\t\t\t\t<\/div>\n\t\t\t\t\t<\/div>\n\t\t\t\t<\/div>\n\t\t\t\t<\/div>\n\t\t","protected":false},"excerpt":{"rendered":"<p>Nutrici\u00f3n El Lic. en nutrici\u00f3n Lautaro De Nicola, director de Gens, hace hincapi\u00e9 en lo esencial e importancia de la interacci\u00f3n de la nutrici\u00f3n en relacion en la salud y enfermedad. Es por eso que en Gens, la alimentaci\u00f3n esta pensada desde un lugar de adecuaci\u00f3n al paciente, nutricionalmente completa y que acompa\u00f1e el tratamiento [&hellip;]<\/p>\n","protected":false},"author":1,"featured_media":0,"parent":0,"menu_order":0,"comment_status":"closed","ping_status":"closed","template":"","meta":{"_joinchat":[],"footnotes":""},"class_list":["post-243","page","type-page","status-publish","hentry"],"_links":{"self":[{"href":"https:\/\/genscentroterapeutico.com\/index.php\/wp-json\/wp\/v2\/pages\/243","targetHints":{"allow":["GET"]}}],"collection":[{"href":"https:\/\/genscentroterapeutico.com\/index.php\/wp-json\/wp\/v2\/pages"}],"about":[{"href":"https:\/\/genscentroterapeutico.com\/index.php\/wp-json\/wp\/v2\/types\/page"}],"author":[{"embeddable":true,"href":"https:\/\/genscentroterapeutico.com\/index.php\/wp-json\/wp\/v2\/users\/1"}],"replies":[{"embeddable":true,"href":"https:\/\/genscentroterapeutico.com\/index.php\/wp-json\/wp\/v2\/comments?post=243"}],"version-history":[{"count":25,"href":"https:\/\/genscentroterapeutico.com\/index.php\/wp-json\/wp\/v2\/pages\/243\/revisions"}],"predecessor-version":[{"id":388,"href":"https:\/\/genscentroterapeutico.com\/index.php\/wp-json\/wp\/v2\/pages\/243\/revisions\/388"}],"wp:attachment":[{"href":"https:\/\/genscentroterapeutico.com\/index.php\/wp-json\/wp\/v2\/media?parent=243"}],"curies":[{"name":"wp","href":"https:\/\/api.w.org\/{rel}","templated":true}]}}